 Calculate h(q).
4
Let a(y) = 3*y**3 - 4*y**3 - 3*y**2 + 0 + 4*y + 3. Let n = 4 - 8. What is a(n)?
3
Suppose -4*a = 3*p, -a = 4*p - 6*a. Let b(d) = d + 2. Let m(u) = u + 1. Let y(v) = 6*b(v) - 5*m(v). Calculate y(p).
7
Let p(r) = -r - 7. Let m be p(-9). Let t(q) be the first derivative of q + m + q**4 - 2*q**4 + 0. Calculate t(-1).
5
Let f = -11 + 8. Suppose 0 = 4*p - x - 11, -2*x = 2*p + 2*p - 2. Let s(m) = p*m**2 + 2 + m**2 + 2*m + 1 + m**3. Give s(f).
-3
Let x(u) = u**3 + u**2 - u + 4. Let n(c) = -c**2 - 10*c - 9. Let t be n(-9). What is x(t)?
4
Let l = 7 + -1. Let j(d) = -2*d + 2. Determine j(l).
-10
Let n(x) = 2*x + 11. Suppose 0 = -2*z + z - 10. Calculate n(z).
-9
Let x(l) = 7*l**2 + l + 13. Let f(o) = -3*o**2 - o - 6. Let r be ((-1)/((-3)/12))/2. Let j(z) = r*x(z) + 5*f(z). What is j(-3)?
-4
Let a(o) = -3*o**2 - 10*o - 9. Let c(n) = -n - 1. Suppose -5*m - 10 = 0, 2*b + 0*m + m = 10. Let r(t) = b*c(t) - a(t). What is r(-2)?
7
Let r(s) = 2*s - 4*s + 1 - s. Let h(u) = -u + 2. Let n(z) = -z + 4. Let k be n(0). Let m be h(k). Give r(m).
7
Let o(h) = -3*h + 5. Let s be o(2). Let q(n) = n**3 + 2*n + 1. Calculate q(s).
-2
Suppose 0 = -5*m - 8 - 7. Let b = m + 5. Let s(x) = -3*x - 1 + 3*x**2 - b*x**2 - 3. Give s(5).
6
Let o(s) = -s + 1. Let a be o(-3). Let y = a + 0. Suppose 5*u = -0*j + j + 14, 0 = -y*u + 3*j + 20. Let v(n) = n**3 - 2*n**2 - n - 1. Give v(u).
-3
Suppose 0 = 154*y - 156*y + 10. Let a(k) = k**3 - 5*k**2 - k - 5. What is a(y)?
-10
Let z = -5 + 7. Let t(u) = 2*u - 7*u**3 - 4 + 1 - 5*u**2 + 10. Let h(n) = 4*n**3 + 3*n**2 - n - 4. Let q(v) = -5*h(v) - 3*t(v). What is q(z)?
5
Let t = -70 - -98. Let f be (-6)/9 + t/6. Let o(r) = 0*r + 0*r - r - r**3 - f*r**2 - 3*r. Calculate o(-3).
3
Suppose -5*z + 15 = 3*d, 4*d = z - 1 - 2. Let h(x) = -2*x**z + 2 - 2 + 8*x**3 - x. Determine h(-1).
-5
Let o = 10 - 11. Let r(m) = -5*m**2 - m - 1. Let v(u) = -14*u**2 - 4*u - 4. Let s(d) = 7*r(d) - 2*v(d). Give s(o).
-7
Let g(v) = -8 + 5*v + 2 + 0 + 4 - v**2. Give g(4).
2
Let d(b) be the second derivative of -b**4/12 - 3*b**3/2 - 4*b**2 + b. Give d(-6).
10
Let k = -22 + 31. Suppose 1 = 5*x - k. Suppose -6 = -x*f - 0. Let v(l) = l**2 - 5*l - 1. What is v(f)?
-7
Let a be (36/21)/(4/14). Let b(u) be the first derivative of u**4/4 - 2*u**3 - u**2 + 6*u + 1. Calculate b(a).
-6
Let q(i) = -i + 1 + 13*i - 3*i. Suppose -3*x = -4*x - 1. Determine q(x).
-8
Let b(v) = v**2 - 4*v + 5. Suppose -3*q + 4*c = 2*q - 63, -61 = -5*q + 3*c. Suppose -n + q + 8 = 0. Suppose 5*a - 1 - n = 0. What is b(a)?
5
Let z(d) = -3*d**2 - 10*d + 12. Let q(a) = a**2 + 3*a - 4. Let l(x) = 7*q(x) + 2*z(x). Let p(y) = -2*y + 5*y - 5*y - 2 + y. Let o be p(-2). What is l(o)?
-4
Let q(l) = -4*l**3 - 3*l**2 - 8*l - 7. Let d(x) = x**3 + x**2 + x + 1. Let i(r) = 5*d(r) + q(r). Calculate i(-3).
-2
Let a be 2*(0 + (-2)/(-1)). Suppose -2 = a*q - 2*q. Let b(w) = -3*w - 1. Determine b(q).
2
Let u be 384/(-14) + 3/7. Let o be (-6)/u - (-52)/9. Let z(l) = -2*l + 6. What is z(o)?
-6
Let w(a) = 14*a - 10. Let c(q) = q - 1. Let o(i) = -8*c(i) + w(i). Determine o(2).
10
Let x(y) = -y**3 - 12*y**2 - 11*y + 3. Let c be x(-11). Let a be c/(-2)*(-1 + -1). Let b(l) = -1 - l**3 - 7*l + 5*l**2 + 0*l**2 + 3*l. Give b(a).
5
Let t be 4/(-12) - (-10)/3. Let b(d) = -3 - 2 + 23*d**2 + d**t - 27*d**2. Calculate b(4).
-5
Let c(q) = -7 + 4 - 1 + 6 - 8*q. Give c(3).
-22
Let s(m) = 7*m**3 + 4*m**2 + 7*m - 6. Let o(h) = h**3 + h - 1. Let n(r) = 6*o(r) - s(r). Calculate n(-3).
-6
Suppose 109*b - 107*b + 4 = 0. Let i(v) = -v**2 - 2*v - 3. What is i(b)?
-3
Let j(r) = -r + 1. Let x be j(-1). Let h be 1/((-2)/(x - -4)). Let f(q) = -2*q - 1. Determine f(h).
5
Suppose -b = 4*b. Suppose 2*j + 0 - 2 = b. Let s(y) = 14*y - 1. Let r(m) = -15*m + 1. Let p(g) = 6*r(g) + 7*s(g). What is p(j)?
7
Let y(m) = -m**2 - m. Let o(k) = k**3 - 2*k**2 - 8*k + 7. Let u(q) = o(q) + 2*y(q). Give u(6).
19
Let d(l) be the third derivative of l**6/20 + l**4/24 + 6*l**2. Calculate d(-1).
-7
Suppose -6*x + 2*x = 8. Let l(s) = -s**2 - 2*s + 1. What is l(x)?
1
Let s(v) be the first derivative of -v**4/12 + v**3/3 + v**2/2 - 7. Let f(k) be the second derivative of s(k). Give f(4).
-6
Let s(k) = k + 4*k + 1 - 6*k + 10*k**2. Let d(c) = -2*c + 1. Let h be d(0). What is s(h)?
10
Let z = -2 - 0. Let i(p) be the first derivative of -2/3*p**3 + 2*p - 4 + 1/2*p**2. Calculate i(z).
-8
Let s(c) = 1 + 7*c - 4*c**2 + 8 - 9. Let u(m) = -m**2 + m. Let k(j) = -s(j) + 5*u(j). Calculate k(-2).
0
Suppose 2*d - 7*d - 10 = 0. Let v(j) = 0*j**2 + 2*j - 5*j**2 - 2*j**2 + 8*j**2. Determine v(d).
0
Let x(j) = 2*j - 17. Let f be x(8). Let m(a) = -4*a**3 - a**2 - a. Calculate m(f).
4
Let u(i) = i**2 - 8*i + 4. Suppose 4*m - 5*h = 12 - 4, -5*m + 5*h = -15. Calculate u(m).
-3
Let j(f) = 6*f - 4. Let k be (-15 - -13) + (0 - -5). Let u(n) = 11*n - 7. Let i(b) = k*u(b) - 5*j(b). Calculate i(3).
8
Let k(h) be the first derivative of h**4/4 + h**3/2 + 3*h**2/2 + 5*h + 3. Let u(x) be the first derivative of k(x). What is u(-2)?
9
Let w(k) be the first derivative of 3 - 1/3*k**3 + 2*k + 0*k**2. Give w(0).
2
Let i = 9 - 11. Let l(c) = -2*c**2 + 4*c + 4. Let g(j) = -4*j**2 + 9*j + 9. Let b(s) = 6*g(s) - 13*l(s). Determine b(i).
6
Suppose 0*q - 14 = 7*q. Let h(r) = r + 4. What is h(q)?
2
Let l(j) = -j - 14. Let f(s) = 2*s + 40. Let z(u) = -3*f(u) - 8*l(u). Give z(6).
4
Suppose 5*t = -f + 29, 0 = 6*t - t - 20. Let q(g) = 5*g - 3 - f*g + 3*g + 1. Give q(-1).
-1
Let h(f) = -2*f**2 + 3*f**2 - 11*f**3 + 5*f**3. Give h(1).
-5
Let t(j) = j**3 + j - 1 + 10*j**2 - 11*j**2 + 1. What is t(0)?
0
Let i be -2 + 7 - 2*1. Let u(w) = -i - 1 + 3. Let r(k) = 5*k**2 - k - 4. Let s(m) = -r(m) + 3*u(m). Determine s(-1).
-5
Let o = 0 + -1. Let f(h) = 10*h**3 + 2*h**2 - 1. Calculate f(o).
-9
Let q be 5 + -3 + (-3 - -2). Let d(v) = -v + 2. Determine d(q).
1
Let c be 30/35*7/2. Let u(k) = k**3 - k - 3*k**2 - c*k - 3 + 2*k. Give u(4).
5
Suppose 14 = 2*f + 2*u, -3*f + 11 = 5*u - 18. Let d(r) = -5*r**f + r**3 + 3*r**3 + 1 + 3*r**2 + 0*r**3. Determine d(3).
1
Suppose -5*x + 8 = -2*p - 17, 0 = -4*p - 4*x + 20. Let z(u) = u**3 + u**2 + u + 8. Determine z(p).
8
Suppose -2*r - 3*z = -10, 0 = -z - 0 + 2. Let t(q) = 0 + q**r - 4 - 3*q + 3. Give t(-2).
9
Let t(h) be the first derivative of -h**2/2 - 17. Determine t(5).
-5
Let i(x) = x**3 + 3*x**2 - 4*x - 2. Suppose -4*z - 2*m + 0*m = 18, 5*z + 2*m + 22 = 0. Give i(z).
-2
Let s be 2/(6/1)*9. Let w be (3 + -3)/(1 + -2). Let y(o) = w*o**2 - 5*o + 2*o**2 - 3*o**2 + s. Give y(-4).
7
Let m(l) = 3 + l - 5 + 7. Give m(-6).
-1
Let p(u) = u**2 + 4*u + 2. Suppose y + 2*y + 4*z = 46, 5*y + 3*z = 73. Let v = y + -9. Suppose -3*q = h + 6, v*q = -0*q - h - 12. Determine p(q).
-1
Let u(w) = -3*w + 1. Let o(a) = -2*a**2 + 30*a + 5. Let z be o(15). Determine u(z).
-14
Let o(s) = s**3 - 4*s**2 - s - 3. Let x(u) = -7*u - 3. Let h be x(-1). What is o(h)?
-7
Let x(d) be the first derivative of -d**3/3 + 7*d**2/2 - 5*d - 3. Let r be x(4). Let m(v) = 0*v + 6 - 5*v + r*v + v**2 + 5*v. Determine m(-4).
-6
Suppose -4*l + 2*z = 5*z + 1, -7 = -5*l - z. Suppose 2*t = -l + 34. Suppose -t = -x + 5*x. Let h(d) = d**3 + 4*d**2 - 3*d - 4. Determine h(x).
8
Let k = -2 + 7. Suppose -11 - 16 = a - k*w, 5*a = w - 15. Let t(q) = -q**3 - 3*q**2 + 1. Determine t(a).
-3
Let p(f) be the first derivative of -1/2*f**2 + 8 + 11*f. Determine p(5).
6
Let o = 6 - 9. Let i(m) = 2*m + 3. What is i(o)?
-3
Let w(m) be the first derivative of -m**2/2 + m + 1. Calculate w(3).
-2
Let a = 5 + -5. Let z(b) = b**3 - b + 16. What is z(a)?
16
Let m(u) = 4*u**3 + 2*u - 1. Suppose 2*q - 4 = -2*q. Let v be m(q). Let f(w) = -w**3 + 6*w**2 - 6*w - 1. Determine f(v).
-6
Let b = 1 + -3. Let o be 2 + 1 + b + -7. Let i = 10 + o. Let h(m) = m - 1. Calculate h(i).
3
Let k(z) = -3*z + 1. Let w(c) = -4*c + 2. Let b(n) = 5*k(n) - 4*w(n). What is b(3)?
0
Suppose 5*x + 8 = -3*m, 0 = -5*x + 3*m + m - 1. Let j = x - 1. Let a(s) be the second derivative of s**5/20 + s**4/4 - 2*s**3/3 - 3*s**2/2 + s. Give a(j).
9
Let m(w) = -w**2 - 5*w - 5. Let f be ((-6)/(-5))/((-2)/(-5)). Let x be (-1)/(f/12 - 0). Give m(x).
-1
Suppose -7*c = -2*c. Suppose c = -3*n + 2*n + 4. Let w(d) = -2*d**2 + 7*d - 4. Give w(n).
-8
Suppose -3*o + 26 = -v, 0 = 9*o - 5*o + 5*v - 3. Let l(y) 